 of 47763?
7
What is the hundred thousands digit of 7186457?
1
What is the ten millions digit of 13851364?
1
What is the units digit of 515539?
9
What is the ten thousands digit of 1305753?
0
What is the units digit of 13556177?
7
What is the hundred thousands digit of 4413458?
4
What is the ten thousands digit of 277940?
7
What is the millions digit of 4295377?
4
What is the units digit of 4434197?
7
What is the millions digit of 7867537?
7
What is the hundred thousands digit of 339015?
3
What is the thousands digit of 358735?
8
What is the hundreds digit of 17259407?
4
What is the hundred thousands digit of 777880?
7
What is the hundreds digit of 2262109?
1
What is the tens digit of 141978?
7
What is the units digit of 260827?
7
What is the hundreds digit of 7729381?
3
What is the tens digit of 7688228?
2
What is the tens digit of 5799808?
0
What is the ten thousands digit of 1784829?
8
What is the ten thousands digit of 21650630?
5
What is the ten thousands digit of 139534?
3
What is the ten thousands digit of 126301?
2
What is the ten thousands digit of 442358?
4
What is the ten thousands digit of 47915?
4
What is the hundreds digit of 420561?
5
What is the tens digit of 2970799?
9
What is the hundred thousands digit of 23995255?
9
What is the hundreds digit of 2565207?
2
What is the thousands digit of 4564676?
4
What is the ten thousands digit of 324159?
2
What is the hundreds digit of 283225?
2
What is the units digit of 1249846?
6
What is the thousands digit of 5178321?
8
What is the hundreds digit of 23410?
4
What is the thousands digit of 24891441?
1
What is the ten thousands digit of 4900932?
0
What is the tens digit of 221267?
6
What is the hundred thousands digit of 26874637?
8
What is the millions digit of 2815475?
2
What is the units digit of 38721?
1
What is the hundreds digit of 284060?
0
What is the millions digit of 2429872?
2
What is the hundred thousands digit of 1621223?
6
What is the tens digit of 306583?
8
What is the units digit of 1153638?
8
What is the hundred thousands digit of 859164?
8
What is the ten thousands digit of 26711082?
1
What is the hundred thousands digit of 3541670?
5
What is the units digit of 3280643?
3
What is the units digit of 234466?
6
What is the thousands digit of 264224?
4
What is the millions digit of 29425661?
9
What is the thousands digit of 993231?
3
What is the thousands digit of 1243741?
3
What is the thousands digit of 49499?
9
What is the units digit of 958170?
0
What is the units digit of 785416?
6
What is the thousands digit of 842370?
2
What is the units digit of 584426?
6
What is the thousands digit of 276136?
6
What is the hundreds digit of 52247?
2
What is the thousands digit of 3256961?
6
What is the ten thousands digit of 103277?
0
What is the ten thousands digit of 48086?
4
What is the units digit of 3004821?
1
What is the hundreds digit of 1319532?
5
What is the hundred thousands digit of 138140?
1
What is the thousands digit of 106186?
6
What is the hundred thousands digit of 2768176?
7
What is the tens digit of 8095451?
5
What is the thousands digit of 36063463?
3
What is the hundreds digit of 1709563?
5
What is the ten thousands digit of 103586?
0
What is the units digit of 239694?
4
What is the ten thousands digit of 4164648?
6
What is the ten thousands digit of 10941136?
4
What is the tens digit of 116828?
2
What is the units digit of 242688?
8
What is the tens digit of 23295928?
2
What is the units digit of 872826?
6
What is the ten thousands digit of 1081689?
8
What is the tens digit of 288103?
0
What is the thousands digit of 191376?
1
What is the units digit of 404444?
4
What is the units digit of 228876?
6
What is the hundreds digit of 370826?
8
What is the hundred thousands digit of 704097?
7
What is the hundred thousands digit of 7941594?
9
What is the ten thousands digit of 246614?
4
What is the units digit of 12579183?
3
What is the hundreds digit of 348289?
2
What is the ten thousands digit of 498766?
9
What is the hundreds digit of 2998751?
7
What is the ten thousands digit of 1234568?
3
What is the tens digit of 1783533?
3
What is the hundreds digit of 5627?
6
What is the units digit of 168982?
2
What is the tens digit of 858767?
6
What is the ten thousands digit of 60957?
6
What is the tens digit of 7054886?
8
What is the thousands digit of 1193542?
3
What is the thousands digit of 39267?
9
What is the thousands digit of 3573998?
3
What is the tens digit of 2544828?
2
What is the ten millions digit of 11178543?
1
What is the tens digit of 53520?
2
What is the ten millions digit of 13979554?
1
What is the hundred thousands digit of 729168?
7
What is the ten thousands digit of 815730?
1
What is the hundreds digit of 1057975?
9
What is the ten thousands digit of 329978?
2
What is the ten thousands digit of 1909335?
0
What is the hundreds digit of 2807117?
1
What is the hundreds digit of 846231?
2
What is the units digit of 3277666?
6
What is the hundreds digit of 1012590?
5
What is the units digit of 2207411?
1
What is the units digit of 7268694?
4
What is the hundred thousands digit of 3758606?
7
What is the tens digit of 149767?
6
What is the ten thousands digit of 66907?
6
What is the hundreds digit of 97896?
8
What is the hundreds digit of 16638873?
8
What is the tens digit of 3831779?
7
What is the units digit of 1054310?
0
What is the thousands digit of 919271?
9
What is the millions digit of 7052729?
7
What is the hundreds digit of 2888431?
4
What is the hundred thousands digit of 7175770?
1
What is the units digit of 275993?
3
What is the hundred thousands digit of 1941804?
9
What is the hundreds digit of 973463?
4
What is the tens digit of 17764546?
4
What is the hundred thousands digit of 4560786?
5
What is the hundreds digit of 8578575?
5
What is the millions digit of 7605608?
7
What is the hundreds digit of 879437?
4
What is the thousands digit of 4489144?
9
What is the hundred thousands digit of 1183045?
1
What is the ten thousands digit of 215213?
1
What is the ten thousands digit of 7864576?
6
What is the hundred thousands digit of 513301?
5
What is the tens digit of 3946223?
2
What is the thousands digit of 1465758?
5
What is the tens digit of 112843?
4
What is the units digit of 769963?
3
What is the tens digit of 363921?
2
What is the tens digit of 710756?
5
What is the hundreds digit of 6497349?
3
What is the hundred thousands digit of 3878632?
8
What is the tens digit of 254348?
4
What is the thousands digit of 2793263?
3
What is the ten thousands digit of 237539?
3
What is the hundred thousands digit of 442943?
4
What is the hundreds digit of 766509?
5
What is the units digit of 3876063?
3
What is the millions digit of 8583998?
8
What is the millions digit of 10339436?
0
What is the ten thousands digit of 499516?
9
What is the thousands digit of 743119?
3
What is the units digit of 4190859?
9
What is the tens digit of 501683?
8
What is the hundred thousands digit of 5834639?
8
What is the units digit of 283736?
6
What is the tens digit of 3459823?
2
What is the ten thousands digit of 10097486?
9
What is the ten thousands digit of 3988869?
8
What is the hundreds digit of 762321?
3
What is the ten thousands digit of 7129024?
2
What is the tens digit of 86659?
5
What is the units digit of 327713?
3
What is the units digit of 2934?
4
What is the tens digit of 8077332?
3
What is the hundred thousands digit of 634678?
6
What is the units digit of 2684783?
3
What is the ten thousands digit of 42465?
4
What is the tens digit of 6746481?
8
What is the tens digit of 279875?
7
What is the hundred thousands digit of 383259?
3
What is the tens digit of 1022?
2
What is the hundred thousands digit of 2590684?
5
What is the tens digit of 562160?
6
What is the ten thousands digit of 678644?
7
What is the units digit of 94853?
3
What is the hundreds digit of 134352?
3
What is the tens digit of 2978711?
1
What is the units digit of 17130019?
9
What is the hundreds digit of 18619841?
8
What is the units digit of 1278770?
0
What is the thousands digit of 414349?
4
What is the hundred thousands digit of 7448588?
4
What is the hundreds digit of 676965?
9
What is the millions digit of 8655564?
8
What is the hundreds digit of 1010210?
2
What is the hundred tho